
-74
(-27 - -90) + -134 - 13
-84
13 - (-74 - (-5 + -38))
44
37 + -15 + (-132 - -37)
-73
Evaluate 209 + -209 - (0 - -2) - (5 + 1).
-8
What is the value of 5 + (-6 - 5) - (-92 - (5 - 49))?
42
What is the value of -146 + (0 + 3 - -234)?
91
(0 - 2 - 1) + (54 + -19 + -30 - -61)
63
Evaluate (-2161 - -2172) + (-15 - 1).
-5
Evaluate 8 + 11 + (-3 - -17) + -6 + -13.
14
What is -54 - -83 - (-8 - (8 + (2 - 9)))?
38
What is the value of (-107 + -14 - (-70 + 38)) + 17?
-72
Evaluate (16 - 9) + (-4 - -1 - -24).
28
What is the value of -639 - -625 - (-1 + 1 - -2 - -22)?
-38
Evaluate -2 + -33 + 4 - (0 + 6).
-37
7 + (34 - 9) + -14 + 20
38
What is (16 - 2) + 23 + (23 + -15 - -12)?
57
What is the value of 1 + 17 + (5 - -4) + 2 + -1?
28
What is (-20 - (7 + -28 - 17)) + (-8 - -64)?
74
What is 24 + 13 - (-22 + 8 + 0 + 11)?
40
Evaluate -10 - 10 - 31 - (12 + -22).
-41
What is the value of -14 + 0 + (-4625 - -4608)?
-31
-50 + 14 + -23 - (-17 + 4 + 4 + -5)
-45
-2 + (-77 - 0) - (4 + -22 + -10 + 21)
-72
What is the value of (-202 - (156 + -305)) + -33?
-86
-18 + 29 + -7 + -1 + (-105 - -113)
11
What is 7 + -37 - ((8 - 2) + (55 - 45))?
-46
Calculate -26 - -1 - (2 + 77 + -81).
-23
What is -1179 - -1234 - (3 + (1 + 0 - -2))?
49
What is 82 - (((-10 - -17) + -17 - 10) + 31)?
71
What is (1 - -1 - -7 - 21) + 21 + -13?
-4
Calculate 17 + -59 + (4 - 1).
-39
Calculate 9 - (-33 - -34) - 43.
-35
Evaluate -3 + 2 + 49 + (36 - (-31 + 88)).
27
Calculate -4 + 16 + -6 - -2 - 3 - (23 + -15).
-3
Calculate 55 - -3 - (13 - 6) - -1.
52
Calculate -39 + 48 + -86 - -46.
-31
Evaluate (4 - 43) + (5 - -23 - 17).
-28
What is the value of -32 + 10 + 9 + 28 + 15?
30
What is (-1 + -1 + 3 - -22) + (-8679 - -8673)?
17
Calculate 113 - (-6 + 14 + 42 + -49 + (-2 - -9)).
105
What is the value of -2 + (7 - 1) + (-29 + 13 - -50) - -1?
39
Calculate -20 - (-11 - (-23 - (-15 + 2))) - -123.
104
What is (39 - (12 - 0)) + -63 + -23?
-59
Calculate -5 + 14 + -8 - (-2 + (17 - 9)).
-5
Calculate 1 + (5 - -1) - (15 + 6 + -33 - -5).
14
Evaluate -65 + -66 + 40 + -7 + 59.
-39
What is -43 + (-79 - -163) + -41?
0
16 + (-24 - -31) - (4 - -3 - (2 - -3))
21
What is the value of 11 + (26 - 46) - (-12 - -2)?
1
(6 - -4) + -10 + (7 - 10) + 89
86
Evaluate 47 + (-20 - 8 - 30).
-11
Evaluate 33 - ((18 + -11 - -13) + -9).
22
-40 + (9 - 23 - (-99 - -87 - (1 + 14)))
-27
Calculate (-24 - (-82 + -19 + 12)) + -25.
40
What is 95 - (-15 - (-54 - 15))?
41
Calculate 48 + -16 - (0 - -26) - -114.
120
Evaluate (-13 - (62 + -58)) + (-9 - 0) + -7.
-33
What is the value of -45 - (-6 - ((0 - 6) + 8) - -14)?
-51
What is 34 + -33 + -12 - -5?
-6
What is -7 + 6 + 43 + -8 - (-2 - 10)?
46
What is the value of (-2 - (5 + -15)) + -18 + (-22 - -26) + -18?
-24
What is the value of 6 + -64 + -106 + 130 - (-3 - 13)?
-18
What is -28 + 9 + 1 - 0 - -26 - (-60 + 0)?
68
What is 50 - 123 - (143 + -146 + (-1 - 1))?
-68
What is -5 + -9 + -2 + (109 - 93) + 13?
13
Calculate -44 + (49 + -61 - -83).
27
What is the value of 4 + -8 + 6 - (10 + -69 - -16)?
45
Calculate (0 - (1 - -49)) + 78 + -65.
-37
What is -31 - -149 - 90 - -28?
56
Calculate 29 + 2 + 12 + -25 + 17.
35
What is 59 - (-64 + 63 + (1 - -8) + 7)?
44
-31 + (62 - (28 + -2))
5
What is the value of 13 - ((-1 - 0) + (-11 - -20 - (21 + -14)))?
12
What is 19 - (-14 - (-61 + -4 + -18))?
-50
What is (139 - 118) + ((-1 - 3) + -4 - -4 - 0)?
17
What is 24 + (-24 + (1 - (-6 - 21)) - (0 + 4))?
24
Calculate (1 - 4) + -10 + (26 - 9 - 24).
-20
What is the value of (31 - (-5 - -5)) + 659 + -644?
46
21 - (0 + 11 - 27 - -34)
3
3 - ((7 + 5 - 0) + 0) - 37
-46
What is the value of -69 - (-83 + 46) - -69?
37
-9 - (-36 + (161 - 152) + (-2 - (5 - 3)))
22
7 - (-1 + 2 + (13 - (7 + 1))) - 79
-78
What is 12 + 1 - (-52 + 69) - (30 + -12)?
-22
Evaluate (-44 - (43 - 84)) + (-2 - (2 - -20)).
-27
What is the value of (-486 - -532) + 24 + (-2 - -10)?
78
What is the value of (5 + -8 - (-5 - (2 - 5))) + (384 - 433)?
-50
Calculate 1 + 0 + 2 + -2 - (1701 - 1719).
19
10 - ((-22 - -6 - -8) + 6 + 11 + 31)
-30
Evaluate -106 - -185 - 70 - 48.
-39
What is -3 + 3 - (-2 + (-12 - (1 - (-3 - -16))))?
2
Evaluate 3 + 86 + -3 + (35 - (30 - 15)) + -33.
73
-397 + 397 - (-1 - 132 - (-1 + (6 - 3)))
135
-34 + 68 + -9 + -1 + -8
16
-15 + (-2 - 33 - (-45 + 32)) + -9
-46
What is the value of 34 + -133 + 56 + -54?
-97
Evaluate 1 + -66 - (-4 + -6 - (-47 - -48)).
-54
Calculate 14 - (-14 + 1 + 6) - 15.
6
Calculate 15 - (-2 - (-1 + -11) - -38 - -11).
-44
Evaluate -3 + (46 + -38 - (2 - -3)) - 4 - -54.
50
Evaluate -30 + (6 - (-11 - (3 - 5))).
-15
What is the value of (-3 + -23 - -24) + -12?
-14
Calculate 97 - (55 - -14) - (-4 + 105).
-73
What is (-164 - -2) + (24 - (25 + -35) - 28)?
-156
What is the value of -33 + 6 + 65 + 1?
39
Evaluate -139 + (196 - 41) - 88.
-72
9 - -8 - (74 + -86)
29
Evaluate (-11 - -2) + 118 + -2 + -107.
0
56 - (19 - (15 + -32 - -43))
63
What is the value of (-22 - (-13 + -9 + 0 + -2)) + 109 + 2?
113
What is the value of 10 + (-77 - 3) + -3 + (-23 - 56 - -74)?
-78
What is the value of -111 + 53 - (-57 + 14)?
-15
Evaluate 123 + 43 + -46 - 29.
91
-112 - -106 - (13 + -3 + -3)
-13
Calculate (15 + -17 - 7) + (-7 - -7 - 4 - -59).
46
What is the value of 0 + 26 - (43 + -12 - (27 + 1))?
23
Calculate 64 + -73 - -28 - -47.
66
27 + -10 - (1 + 3 - 29)
42
What is (83 - (62 - 79)) + -60?
40
Calculate (10474 - 10454) + (-61 - -1 - 0).
-40
Evaluate 19 + (0 - 5 - 0) + (45 - 59) - -99.
99
What is the value of 29 - ((49 - 21) + -56 + 6)?
51
Evaluate 16 + 32 + -3 + 3 + 8 + -12.
44
What is -1 + 1 - (-37 + (-36 + 52 - -59))?
-38
Calculate -4 - (-4 + -14) - (353 - 355).
16
What is the value of -140 + (341 + -314 - (1 - -3)) + -18?
-135
Calculate (-36 - (-81 - (-42 - -4))) + 58.
65
(-21 + 7 - -11) + -11 + (-22 + 41 - -14)
19
What is -61 - (1 - 11 - (6 - -2))?
-43
Calculate (1 - -11) + (-21 - (-12 + -3 + 19)).
-13
Evaluate -8 + 4 + (-17 - -12) + 0 + 37.
28
What is (26 + -38 - (-5 + -4 + 12)) + 12?
-3
-8 - 4 - (11 - 1 - (186 - (59 + 19)))
86
What is -74 + 16 + (304 - 309 - (0 + 15))?
-78
-2 - -4 - (52 + 11 + (-5 - -5) + -21)
-40
Evaluate -7 - ((-6 - -20) + -2 + -56 + 35) - -6.
8
Evaluate (23 - 22 - 15) + (-15 - -7) + 0.
-22
Calculate 4 - (-18 + 38 + -30 - -28).
-14
What is 14 - ((-43 - -19 - -4 - -2) + 53)?
-21
What is 1 + -4 + 250 + -228?
19
Evaluate 79 + -57 - (68 - (10 + -1)).
-37
0 - 84 - (14 + -34 + -12 + 56)
-108
(8 + 27 - -43) + -56
22
Evaluate -8 + 20 + (16 - 10) - (-2 - -2).
18
Calculate 17 + 17 + (16 - -23 - -4 - -16).
93
What is 64 + -77 + 14 + 11 + (0 - 19)?
-7
1 + 0 + 4 - (85 + -146 + 52)
14
What is the value of -2 + (-7 - ((-90 - -116) + (2 - -13)))?
-50
Calculate -147 - -162 - (-11 + 15 - -90).
-79
What is the value of (53 - (72 - 24)) + -4 + -1?
0
Calculate (-116 - -93) + 2 + (5 - 3) + -17.
-36
Calculate 1 - 2 - (-3 + 39 + -26).
-11
What is the value of -480 + 447 - ((-31 - -18) + -3 + (0 - -1))?
-18
Calculate -26 + (1 + 11 - (-16 - -17 - 1)).
-14
What is 9 + 30 + (-77 - 43) - -39?
-42
What is -6 - (-87 - 2) - (111 + -109)?
81
Evaluate 37 + (-5 - 5 - 13 - (-38 + 25)).
27
What is -234 + 166 + 17 + 6 + 3?
-42
Evaluate (-82 - 13) + 282 - 87.
100
Evaluate -31 + 4 - (2 - (-7 - -7 - 20)).
-49
What is 1 + -11 - (-12 - (1 + -2)) - (8 - 54)?
47
What is the value of -1 - -4 - (1 - (-29 - 1) - (1453 - 1472))?
-47
What is the value of 32 + (-38 - 8) - (72 + 16)?
-102
-9 + 4 - (130 + -128 - (88 - 1))
80
Evaluate -23 + (3 + 2 + (-70 - -57) - -11).
-20
Evaluate ((-20 - -12) + 27 - -10) + -26.
3
Evaluate -4 - (4 - 3) - (46 + -46 + 39).
-44
What is the value of (2 - (7 + -2)) + (-20 - -128 - 40)?
65
What is the value of (8 - 5) + -10 + 8 + (-19 - (15 + -12))?
-21
Calculate (8 - 10) + (-12 - -4 - -7 - 3) + -20.
-26
-72 - ((-6 - 0) + -25 + 31) - (27 - 28)
-71
Calculate 115 + -122 - (-2 - (7 + (8 - 4) + -4)).
2
What is the value of -35 + 2 + (-54 - -56)?
-31
Calculate -7 + (-22 + 103 - (-4 - 0)).
78
Calculate -86 + 129 + -37 + -7.
-1
What is 2 + (39 - (43 + -23 + 6 + -12))?
27
What is -21 - -11 - (-9 + (14 - 20))?
5
Evaluate -115 + 52 + 81 + -70.
-52
Calculate (111 - 232 - -29) + -14.
-106
Calculate -17 + -2 + 78 + -33 + -33 + (0 - 39).
-46
Evaluate 2 + -1 - -13 - (7716 - 7737).
35
What is -46 + 65 + (11 - -13)?
43
Evaluate 18 - 2 - -2 - (-8418 + 8426).
10
What is (25 - -17 - (-7 - -1)) + 6 - 